) + -55)/((-4)/4). Let l = t + 36. List the prime factors of l.
89
Let z = -4619 + 21075. What are the prime factors of z?
2, 11, 17
Let x(w) = 92*w**2 - 491*w + 12. List the prime factors of x(-8).
2, 3, 7, 13
Suppose -70 = 2*p - 4*t - 194, t = -5*p + 277. Let j = p - 45. Let l = j - -40. What are the prime factors of l?
3, 17
Let w = 57 + -42. Suppose 5*d + 0 = w. Suppose -4*r - 2*u = -340, d*r - 2*u - 147 - 115 = 0. What are the prime factors of r?
2, 43
Suppose -2*x - 3*c + 58931 = 0, 3*x - 3*c + 2409 - 90858 = 0. What are the prime factors of x?
2, 7369
Let m = -5482 + 9321. What are the prime factors of m?
11, 349
What are the prime factors of 139081/92*-2*(1 + -3)?
6047
Suppose 79 + 42 = 11*m. Suppose -m*y + 6*y + 5*u = -4155, -3*y + 2509 = 5*u. List the prime factors of y.
7, 17
Suppose 19*h - 4960 = 14*h. Let s = -564 + h. What are the prime factors of s?
2, 107
Let y be -465 + (24/1)/(-6). Suppose a = -u + 5, 4*u = -2*a + 11 + 1. List the prime factors of (y/21)/(u/(-3)).
67
Suppose 314 = 3*r - 550. Let h = -159 + r. What are the prime factors of h?
3, 43
Let d = 6276 - -6613. List the prime factors of d.
12889
Suppose l = r + 13504, 11023 + 56560 = 5*l + 4*r. List the prime factors of l.
59, 229
What are the prime factors of 2397892/60 + 5/((-300)/(-8))?
5, 7993
Suppose -88*i = 182*i - 1496220 - 5390400. What are the prime factors of i?
2, 3, 13, 109
Let i be (12/9)/4 + (-20)/(-12). Let m(z) = 14*z**2 - 7*z + 9. What are the prime factors of m(i)?
3, 17
Let w be -4 - 161 - (-1 - -1). Let r be (-4)/(-10)*(-25040)/(-32). Let t = w + r. List the prime factors of t.
2, 37
Let t be 22*(-2)/((-10)/55). Let x = t - 186. What are the prime factors of x?
2, 7
Let t be (-4 - 0)*18/(-24). Suppose k + 838 = 4*f, -t*f + 424 = -f + 2*k. Suppose -7*m = -5*m - f. List the prime factors of m.
3, 5, 7
Let z(y) = y**2 + 7*y + 25. Let h be 4/(-3)*(-6)/4. Suppose 4*v + 63 = -5*a, h*v + 5*a = -20 - 19. What are the prime factors of z(v)?
5, 17
Let p(b) = 12*b + 29. Let t be p(-2). Suppose -3*x - 982 = 11*l - 12*l, x - 4926 = -t*l. What are the prime factors of l?
5, 197
Let f(k) = -21 - 66*k + 63*k + 0. Let t be f(-8). Suppose 4*o - t*o = -3, -2*b - 5*o + 285 = 0. What are the prime factors of b?
2, 3, 5
Let z(m) = 158*m**2 - 18*m - 53. What are the prime factors of z(-6)?
5743
Let x be (0 + -2)*2/(-1). Suppose t + 31 = 4*g + x*t, 4*g + 9 = 5*t. Suppose -q = g*q, -2*q - 68 = -4*d. What are the prime factors of d?
17
Let l = -4 - -11. Suppose -l*v = -2*v - 15. Suppose 372 = v*d - 345. What are the prime factors of d?
239
Let n(k) = k**3 - 26*k**2 + 44*k + 111. Let v be n(24). Let b(z) = -34 - z**2 - 2*z + 28*z + 0*z**2. What are the prime factors of b(v)?
131
Let x(t) = -3*t**3 - 8*t**2 - 133*t - 101. List the prime factors of x(-9).
5, 17, 31
Let x be 2/4*(-24)/4 - -8. Suppose -x*t - 60 = -0*t. List the prime factors of (459/12)/(t/(-32)).
2, 3, 17
What are the prime factors of (-15*(-291)/6)/(192/896)?
5, 7, 97
Let a(i) = 793 + 0*i**2 - 4*i**2 + 254 + 4*i**2 - 5*i + i**2. List the prime factors of a(0).
3, 349
Let u be (-70)/(-6) + 1/3. Let i be (u/(-15))/((-4)/10). What are the prime factors of (132/(-10))/(6/(-60)) - i?
2, 5, 13
Suppose -19199 = 13*w - 18*w + 7871. List the prime factors of w.
2, 2707
Let a be 46*(0 + (-2 - -1)). Let i = 74 + a. What are the prime factors of (-4)/i - -181*(-12)/(-14)?
5, 31
Suppose 5*t + 52951 = 3*l, t + 88229 = 5*l + 4*t. Suppose -5*m + 0*n - l = 4*n, 4*n = 2*m + 7070. What are the prime factors of (-3)/(-4) + m/(-44)?
3
Let o be 514/8*(-9 + (14 - 1)). What are the prime factors of (3 - o)/(10/(-20))?
2, 127
Suppose -3*g + 163 = -3*r + 5*r, -245 = -3*r - 5*g. Let l = r - 88. List the prime factors of 123/1*(-7 - l).
3, 41
Suppose -3*v + 3*r + 671 = -2*r, 5*r = 5*v - 1115. Let u = v - -146. List the prime factors of u.
2, 23
Let l(w) = -w**2 + 22*w - 92. Let o be l(16). Suppose o*a = -4*i + 8*i + 3612, -a + 5*i + 907 = 0. What are the prime factors of a?
2, 11, 41
Suppose 0 = 4*w + 5*r - 20, -r + 4 = w + w. What are the prime factors of -5 - w - 5/(5/(-831))?
2, 7, 59
Let s(v) = 35*v**2 - 23*v + 260. What are the prime factors of s(19)?
2, 6229
Suppose -9*l = -14*l + 65. Suppose 10*s - l*s = -75. Suppose -s + 153 = 4*t. List the prime factors of t.
2
Let i be (-10)/(-50)*(1 + 1)*-10. What are the prime factors of 933/i*4/(-3)?
311
Let k(g) = 2557*g**2 + 35*g + 97. What are the prime factors of k(-4)?
3, 19, 239
Suppose -11*g + 4*l + 100504 = -7*g, l + 100480 = 4*g. List the prime factors of g.
2, 19, 661
Let j(x) = 1518*x**2 - 12*x - 17. Let d be j(-3). Suppose 32*n = 5647 + d. What are the prime factors of n?
2, 151
Let n = 1890 - 3319. Let k = -809 + n. What are the prime factors of k/(-13) + (-1 - (-22)/26)?
2, 43
Suppose -60*h - 8*h + 1240064 = 309348. List the prime factors of h.
13687
Let z(s) = 56*s - 2. Let q(v) = v + 2. Let b(f) = -4*q(f) + z(f). List the prime factors of b(3).
2, 73
Let o = -129 - -237. Let i = o - 661. Let n = i + 779. List the prime factors of n.
2, 113
List the prime factors of 7 + 42135 + 19 - -26.
42187
Suppose -302 = -4*p + 2682. Suppose -c + p + 92 = 0. Suppose 5*r - c = -333. What are the prime factors of r?
101
Let f = 10 + 6. Suppose f*k = 23*k - 1876. List the prime factors of k.
2, 67
Suppose -7*p - 22169 = -96978. List the prime factors of p.
10687
Let l(o) = o**3 + o**2 + o. Let k(w) = 4*w**3 + 19*w**2 - 3*w - 25. Let r(x) = k(x) - 3*l(x). What are the prime factors of r(-15)?
2, 5, 29
Suppose 93751 - 20959 = 4*k + 32*k. What are the prime factors of k?
2, 3, 337
Let y(k) = -7*k + 37. Let b be y(5). Suppose -4*a = -b*q - 72, -4*a + 60 = a + 5*q. Suppose a*x + 250 = 18*x. What are the prime factors of x?
5
Let m(b) = 9*b**3 + 5*b**2 - 72*b + 774. List the prime factors of m(16).
2, 23, 821
Suppose 14*i + 11292 = 2*k + 10*i, -5*i = 2*k - 11274. List the prime factors of k.
2, 7, 13, 31
Let x = -518 - -523. Suppose 43*n = -x*a + 48*n + 1100, 5*n - 419 = -2*a. What are the prime factors of a?
7, 31
Let n = -5 - -13. Let p(a) = -a**3 + 6*a**2 - 11*a - 5. Let d(c) = -2*c**3 + 13*c**2 - 21*c - 9. Let u(s) = -3*d(s) + 5*p(s). List the prime factors of u(n).
2
Let t = 1713 - 301. Suppose 4*l + 5*a = -556 + t, -217 = -l - 2*a. Suppose 36*d - 35*d - l = 0. List the prime factors of d.
11, 19
Let x(w) = 23*w + 37*w + 784 - 758. What are the prime factors of x(6)?
2, 193
Suppose 2*m - 9 = -7. Suppose 4*s = 3*f + 7, 4*s + 3*f - m - 24 = 0. Suppose -5*l - s*o + 660 = o, -2*o - 660 = -5*l. List the prime factors of l.
2, 3, 11
Suppose -6*j - 12 = -3*j. Let u be (-30)/20*j/3. Suppose l - 62 = -x, -u*x - 124 = -2*l - 0*l. List the prime factors of l.
2, 31
Suppose 0 = -g + 4*t + 10, -6*g - 2*t - 50 = -11*g. Suppose g*u = 18*u - 2512. What are the prime factors of u?
2, 157
Let k(u) = -6*u**3 - 8*u**2 - 21*u + 37. List the prime factors of k(-12).
5, 1901
Let l(a) = 14*a - 85. Let i be l(8). Suppose 0 = i*m - 3456 - 3510. List the prime factors of m.
2, 3, 43
Let h = -698 - -707. Let g(l) = 59*l - 117. What are the prime factors of g(h)?
2, 3, 23
Let v(n) = n**3 - 6*n**2 + 6. Let y be v(6). Let m(j) = -227*j - 214*j + 3*j**2 + 434*j + 14. What are the prime factors of m(y)?
2, 5
Let d(h) = 2*h + 1. Let v(r) = r + 16. Let a be v(0). List the prime factors of d(a).
3, 11
Let v = 3694 - -1427. List the prime factors of v.
3, 569
Let v = -67 - -70. Suppose v*s = 6, -q - 2*s - 7 + 111 = 0. List the prime factors of q*4/10*(5 + -3).
2, 5
Let u be -2 - (3952/(-285) - 4/30). Let h be ((-15)/u)/(2/(-16)*2). Suppose -5*z = 5*r - 5, 5*z + 32 = h*r + z. List the prime factors of r.
2
Suppose 0 = 12*h + 4*h + 32. What are the prime factors of h/(-14)*2 + 954/42?
23
Let k be (-2 + 0)/((-2)/(-8)). Let z(s) = -2*s + 1. Let q(j) = 3*j**2 + 35*j + 4. Let b(c) = q(c) + 6*z(c). What are the prime factors of b(k)?
2, 3
Let b = -3243 - -9325. What are the prime factors of b?
2, 3041
Let b = 137 - 139. Let a(t) = 30*t**2 + 6*t. What are the prime factors of a(b)?
2, 3
Suppose 3033 = 5*b + 353. Let m = -209 - -209. Suppose m = 4*u + q - b, 2*u - 108 = -q + 162. List the prime factors of u.
7, 19
Let b(w) = -136*w**3 - w**2 + 5*w + 25. Let c be b(-3). Suppose p = -2, -4*p - c - 1303 = -4*o. List the prime factors of